10?
-1101001010111110
In base 16, what is -b - 32795?
-327a0
In base 2, what is 101011001110 + 1001?
101011010111
In base 12, what is 112 - 56?
78
In base 14, what is -10 + -4bd1?
-4c01
In base 15, what is -1 - -22d2?
22d1
In base 4, what is 33203210 + 110?
33203320
In base 3, what is 21211001 - -122?
21211200
In base 2, what is -10110101101 - -101010?
-10110000011
In base 8, what is 3 + 1274407?
1274412
In base 16, what is 3acc + -4?
3ac8
In base 4, what is -2232211 - 12?
-2232223
In base 8, what is 2 + 1034353?
1034355
In base 9, what is -142346 + 5?
-142341
In base 6, what is 1053003 - 0?
1053003
In base 14, what is 251c7 + -2?
251c5
In base 10, what is 29921 - 9?
29912
In base 7, what is -1121 - 143?
-1264
In base 4, what is -10103 - 102121?
-112230
In base 9, what is 1 + -2351?
-2350
In base 13, what is 4 - -10605?
10609
In base 13, what is -1 - -124c6b?
124c6a
In base 14, what is 15ab + 15?
15c2
In base 5, what is -20242 + -34?
-20331
In base 7, what is 14416 - -266?
15015
In base 3, what is 1002 - -2212?
10221
In base 11, what is 6058 - -12?
606a
In base 6, what is 24 - -115540?
120004
In base 16, what is -b92 + -5?
-b97
In base 2, what is -10 + -11110011111001100?
-11110011111001110
In base 12, what is -26ab + -25?
-2714
In base 14, what is b23 + -5?
b1c
In base 10, what is -716 - 9?
-725
In base 2, what is 1010 - 1000110001111000000?
-1000110001110110110
In base 7, what is 63 + 5320?
5413
In base 4, what is 1 + -10030033?
-10030032
In base 16, what is ce + -a0?
2e
In base 6, what is 3551505 + 4?
3551513
In base 4, what is 11200100 + -3?
11200031
In base 7, what is -2 + -3541061?
-3541063
In base 10, what is -5 - -1706?
1701
In base 4, what is 2 - -300110?
300112
In base 16, what is -e + 22f7?
22e9
In base 14, what is -1c - -10b04?
10ac6
In base 15, what is -d56 + ad?
-c98
In base 10, what is -254 + -16?
-270
In base 2, what is 100101100 + -10101010011000?
-10100101101100
In base 6, what is -5 - -3423102?
3423053
In base 7, what is 2 - -12656444?
12656446
In base 10, what is -30 + 12819?
12789
In base 5, what is -1 - 232020013?
-232020014
In base 9, what is -316 - 221?
-537
In base 3, what is 111220 - -120000?
1001220
In base 13, what is -24c - -4b?
-201
In base 14, what is c2c73 + 3?
c2c76
In base 12, what is -1413b + -4?
-14143
In base 5, what is -1203240 + -30?
-1203320
In base 15, what is -2e - -25?
-9
In base 9, what is 663 + 1725?
2488
In base 15, what is 5 - bbe8?
-bbe3
In base 10, what is 3197107 + 5?
3197112
In base 4, what is -1313312 - -232?
-1313020
In base 2, what is -110111101001010 + -11010?
-110111101100100
In base 12, what is 27 + b949?
b974
In base 10, what is -29679 - 5?
-29684
In base 5, what is 13140 + -41?
13044
In base 2, what is 0 - -1000001000010101?
1000001000010101
In base 12, what is -a0 - -1326?
1246
In base 12, what is -9 - 26607?
-26614
In base 10, what is -35 - 67366?
-67401
In base 13, what is -93b35 - 3?
-93b38
In base 11, what is 751 - 447?
305
In base 16, what is -26148 + -5?
-2614d
In base 3, what is 222012 + 100?
222112
In base 6, what is 24 - 203151?
-203123
In base 10, what is 1264 - 23?
1241
In base 14, what is -1ccc + -62?
-1d50
In base 5, what is -122020 + -101?
-122121
In base 16, what is -34c1 + -16?
-34d7
In base 13, what is -23 + -18c8?
-191b
In base 5, what is 1440 + -143?
1242
In base 12, what is -122 - -31?
-b1
In base 2, what is -10 - 101000000011111110000?
-101000000011111110010
In base 7, what is 15305 - 1625?
13350
In base 7, what is -226 - -401?
142
In base 4, what is 11 + 10030013?
10030030
In base 4, what is 1230 + -20113320?
-20112030
In base 13, what is 7788a2 - 4?
77889b
In base 2, what is -11000110011011 + 1110?
-11000110001101
In base 12, what is 80 - 607?
-547
In base 9, what is -382350 - -3?
-382346
In base 7, what is -4 - 5554?
-5561
In base 5, what is -231422 + -333?
-232310
In base 5, what is -3 + 13132122?
13132114
In base 11, what is 114 + -9366?
-9252
In base 2, what is -11 + 111111011101?
111111011010
In base 8, what is -377 + 551?
152
In base 16, what is -112 + 3158?
3046
In base 7, what is -23665504 - 0?
-23665504
In base 16, what is -1db + 24c?
71
In base 8, what is 264051 + 1?
264052
In base 3, what is -202 - 12121212?
-12122121
In base 3, what is 11000 - 10001?
222
In base 14, what is 1337c - 1a?
13362
In base 3, what is 2000002 - 201221?
1021011
In base 12, what is -172 + -346?
-4b8
In base 15, what is -914 - 25?
-939
In base 7, what is 12216 + -531?
11355
In base 4, what is 10131103 - 0?
10131103
In base 6, what is 11105 - -1?
11110
In base 15, what is 23ec7 - -2?
23ec9
In base 7, what is -55005 + -11?
-55016
In base 16, what is -ed - bdd?
-cca
In base 4, what is -122113 - 2?
-122121
In base 4, what is -3223312313 + -10?
-3223312323
In base 11, what is -8267 + 102?
-8165
In base 8, what is 316 - -2?
320
In base 14, what is 21c61d + 5?
21c624
In base 10, what is 954 - 34?
920
In base 2, what is 101 + -1111010100000111010?
-1111010100000110101
In base 3, what is 2211 + 20020002?
20022220
In base 4, what is 1 - 31020111?
-31020110
In base 10, what is 514 - 10647?
-10133
In base 4, what is -331113 + 2110?
-323003
In base 4, what is 23310 - -131?
30101
In base 3, what is 11012 + 10011000?
10022012
In base 9, what is 275 + 425?
711
In base 2, what is -100 - 101000101101000?
-101000101101100
In base 6, what is -3 + -44150?
-44153
In base 6, what is 3300201 - -34?
3300235
In base 7, what is -5 + -33116?
-33124
In base 13, what is 36 + -88c?
-856
In base 2, what is -10110011 - -110111?
-1111100
In base 11, what is -1286 - -4?
-1282
In base 7, what is 36 - -243150?
243216
In base 16, what is -82d - -236?
-5f7
In base 12, what is -1a - -b76?
b58
In base 12, what is 5 - 1852a9?
-1852a4
In base 13, what is 16b83 - 14?
16b6c
In base 5, what is -4331 + -114313?
-124144
In base 16, what is -5 - -c159?
c154
In base 2, what is 110000 + 100000000001?
100000110001
In base 6, what is 120 + 22115?
22235
In base 2, what is -100001111 - 10000111?
-110010110
In base 11, what is -5 + -1045a?
-10464
In base 2, what is 101011000010110010 - -100?
101011000010110110
In base 7, what is 116 - -100516?
100635
In base 15, what is -cc - 11e?
-1eb
In base 16, what is 6045 + -3?
6042
In base 3, what is -100 + 2020222?
2020122
In base 12, what is -103 - -230?
129
In base 15, what is -52c46 - 5?
-52c4b
In base 9, what is -2 - -50056?
50054
In base 4, what is 2111203113 + 0?
2111203113
In base 7, what is -2 - -4425?
4423
In base 8, what is -1 + -113131?
-113132
In base 10, what is -7405 - 5?
-7410
In base 8, what is -260012 + 7?
-260003
In base 15, what is -5 - 2dcc5?
-2dcca
In base 2, what is -100100 - 110111001010101?
-110111001111001
In base 9, what is 82251 - 2?
82248
In base 15, what is 40d36 + 5?
40d3b
In base 6, what is 21255 - 3?
21252
In base 7, what is -4046 + 4332?
253
In base 5, what is 31400 - 34?
31311
In base 2, what is 101010000000 + 11011?
101010011011
In base 14, what is -828734 - -5?
-82872d
In base 5, what is -143 + 102240?
102042
In base 8, what is 204 - -660?
1064
In base 16, what is -2 + -d246?
-d248
In base 8, what is 221 - 350?
-127
In base 16, what is -5 + 785?
780
In base 12, what is 29b26 - -2?
29b28
In base 2, what is 10100000001010011 - -11?
10100000001010110
In base 13, what is -4 - acb?
-b02
In base 2, what is 1100001100111011101 + -10?
1100001100111011011
In base 13, what is 6ca9 - -c?
6cb8
In base 13, what is -13c2c6 + 1?
-13c2c5
In base 10, what is 65050 + 1?
65051
In base 9, what is 2235 + 541?
2776
In base 15, what is -6e0 - 29?
-719
In base 6, what is -114 + 1125?
1011
In base 4, what is -11 + -12201001?
-12201012
In base 13, what is -29c4 - -1c7?
-27ca
In base 11, what is -4 - a709?
-a712
In base 14, what is -3 - -1a2?
19d
In base 10, what is -9397 - -41?
-9356
In base 7, what is 0 - -1262453?
1262453
In base 5, what is -31430 + -340?
-32320
In base 9, what is 14275 + -16?
14258
In base 9, what is -26 - -1645?
1618
In base 13, what is 32c8 + -37?
3291
In base 14, what is -3 - -5079a?
50797
In base 9, what is 4 - 174234?
-174230
In base 8, what is 11 + -116245?
-116234
In base 11, what is -19 - 2497?
-2505
In base 12, what is -12723 - 3?
-12726
In base 13, what is 11 - -340?
351
In base 8, what is -5 - 17043?
-17050
In base 8, what is -1177 - -2473?
1274
I